 = -24 + 38. Let z be (4/3)/(g/42). Suppose 4*b + 2*v - 12 = 2*b, z*b - v - 34 = 0. List the prime factors of b.
2
List the prime factors of ((-4)/(-12))/(4/8700).
5, 29
Let a(u) = 5*u**3 + u**2 - 2*u - 2. Let f be a(2). Let l = 102 + f. What are the prime factors of l?
2, 5, 7
List the prime factors of -3*(2/(-26) - 95424/117).
2447
Let d = -964 - -2139. List the prime factors of d.
5, 47
Let w be 2 + 2526/9 + 12/(-18). Let x = w - 172. What are the prime factors of x?
2, 5, 11
Let t be 3/6*-8 + 1456. Suppose -2*d - t = -0*d. What are the prime factors of (d/77)/(1/(-7))?
2, 3, 11
Let y = 40 + 256. Suppose x - y = -7*x. What are the prime factors of x?
37
Suppose -5*j - 26 = -z + 337, 0 = 5*j + 15. Suppose 0 = -5*t + t + z. What are the prime factors of t?
3, 29
What are the prime factors of (1519 + -4)*2/3?
2, 5, 101
Let y = 677 - 452. List the prime factors of y.
3, 5
Suppose -54*d + 56*d - 594 = 0. List the prime factors of d.
3, 11
Suppose -7*v = -5*v - 304. Let l = 246 - v. Suppose l = 4*c + 3*m - m, 2*c - 2*m = 56. What are the prime factors of c?
5
Suppose -1 = 3*p - 5*k, p - 3*k = -p. Let g(n) = 8*n**2 - 1. Let h be g(1). Let q = h - p. List the prime factors of q.
2
Suppose 155*t - 191*t + 108 = 0. List the prime factors of t.
3
Suppose -5*u + 43 = -32. Suppose -16*v + u*v = -38. List the prime factors of v.
2, 19
Suppose 146*z = 109*z + 119436. What are the prime factors of z?
2, 3, 269
Let z(o) = 2*o**2 + 1. Let u(v) = 9*v**2 - v - 1. Let j be u(-1). Let k be z(j). Suppose -n + 33 = -2*m + m, -5*n + k = -4*m. What are the prime factors of n?
31
Suppose 0 = -c - 4*c. Suppose -a = -c*a. Suppose -4*u + 81 - 13 = a. List the prime factors of u.
17
Suppose -5 + 2 = -p. Let z be (-15)/(-6) + p/6. List the prime factors of (z/2)/((-1)/(-6)).
3
Suppose 12 = q - 12. Let w be (-17 + 0)*(-75 + 74). Let a = w + q. What are the prime factors of a?
41
Let o(u) = u**2 + 3*u - 35. Let d be o(-16). Let g = d + -85. List the prime factors of g.
2, 11
Let h = -6552 - -9982. List the prime factors of h.
2, 5, 7
Suppose 17 - 1 = 4*a. Suppose 0 = a*y - w - 72, 2*y = 3*w - w + 30. List the prime factors of y.
19
Let p be -1 + (-35)/(-5 + 0). Let v(u) = 2*u**2 + 10*u + 6. Let t(r) = 2*r**2 + 11*r + 7. Let x(q) = p*v(q) - 5*t(q). List the prime factors of x(5).
2, 19
Let x(v) be the first derivative of v**5/12 - v**4/6 - 5*v**3/3 - 1. Let s(t) be the third derivative of x(t). What are the prime factors of s(3)?
2, 13
What are the prime factors of (4152/(-40))/((-1)/5)?
3, 173
Suppose 0 = 5*h - 4*k + 60, 2*k - 3 = 2*h + 23. What are the prime factors of -6*((-32)/(-6))/h?
2
Suppose -3*f - 9 = 2*b, 2*b - 15 = 4*f + f. Let d = f - -6. Suppose -52 = k - d*k. What are the prime factors of k?
2, 13
Let s = 532 + -84. What are the prime factors of s?
2, 7
Suppose -3*n - 5*n = 0. Suppose 414 = 5*z - 4*q, n = -4*z + 3*q + 219 + 112. What are the prime factors of z?
2, 41
Suppose -3*m - 898 = -2*y, -y + 234 + 224 = 3*m. What are the prime factors of y?
2, 113
Let n = -14 - -19. Suppose -5*t = -5*y + 80, y + n*t + 19 = 5. Let d = -9 + y. List the prime factors of d.
2
Let b be (-4)/6 - 316/(-6). Suppose -2*n - b = -3*l - 4*n, -5*l = -3*n - 93. Suppose 87 + l = 5*k. What are the prime factors of k?
3, 7
Let h be 0 + (-4 - -2) + (29 - -1). List the prime factors of 590/7 - (5 + (-132)/h).
2, 3, 7
Suppose 0 = 3*h - 2*a - 268, a - 1 = -3. Let z = 178 - h. List the prime factors of z.
2, 3, 5
List the prime factors of 2/(-8) + (275195/20)/23.
2, 13, 23
Suppose -1332 = -11*f + 5*f. Suppose -n = -3*n + f. What are the prime factors of n?
3, 37
Let p(g) = 23*g + 224. What are the prime factors of p(29)?
3, 11
Suppose 7*v + 59 = -46. Let c = v + 72. What are the prime factors of c?
3, 19
Suppose -4*k + 669 = -3*t, -6*k = 5*t - 3*k + 1144. List the prime factors of (-2)/(t/(-76) - 3).
2, 19
Let y(r) = 3*r - 16. Suppose 50 = -2*v + 8. Let l = v - -35. List the prime factors of y(l).
2, 13
Suppose 2*t = 2*v - 3*v, 2*v - 12 = 2*t. Suppose v*m - 52 = -0*m. List the prime factors of m.
13
Suppose -62 = 3*f - 452. List the prime factors of (-2)/(-13) + 12590/f.
97
List the prime factors of (1 - -1)/(6/720) + 3.
3
Let a = -7 + 10. Suppose a = -b + 5. Let j = 3 + b. List the prime factors of j.
5
Suppose -a = 3*p + 3*a - 3761, 4*a - 6255 = -5*p. List the prime factors of p.
29, 43
Suppose 4*n + 10 - 18 = 0. Let t be (2 - 0) + (-5 - n). List the prime factors of t/25 + 182/10.
2, 3
Let s be 51/3 + 16/(-4). Suppose -2*b = 3*p - 80, 3*b + 105 = 4*p - s. What are the prime factors of p?
2, 7
Let n(k) = -k - 1. Let z(v) = v - 8. Let p be z(7). Let t be n(p). Suppose t = -5*q - 2*f + 72 + 30, 2*q - 4*f = 60. List the prime factors of q.
2, 11
Let i = 18 + 6. Suppose 2*q - 5*t = -i, 0*t - 5*t = -4*q - 28. List the prime factors of 2 + 0 + 26 + q.
2, 13
Let u(m) = 4*m + 214. List the prime factors of u(-27).
2, 53
Let f(p) = p**3 + 14*p**2 - p + 13. What are the prime factors of f(-6)?
307
Suppose 8 + 4 = 6*o. Suppose -o*h - 23 = -481. What are the prime factors of h?
229
List the prime factors of 28/21*(3 + (-4383)/(-12)).
491
Let k be 14*(-4 - 78/(-4)). Let j = 92 + k. List the prime factors of j.
3, 103
Let w(g) = -3*g**3 - g**2 - 18*g - 22. List the prime factors of w(-6).
2, 349
Let a(u) = 65*u**2 - 14*u + 23. List the prime factors of a(2).
3, 5, 17
Let q = -705 - -1177. List the prime factors of q.
2, 59
Suppose -12 = -3*j + 12. Let b = j - 3. What are the prime factors of b?
5
Suppose -6*c + 2*c - 2*t = -1174, -4*t - 316 = -c. Suppose -3*q + 5*y = -5*q + c, -2*y + 444 = 3*q. List the prime factors of q.
2, 37
Let y(j) = 10*j**2 + 3*j. Suppose n = b, -b - 6 = 2*n + 3. List the prime factors of y(n).
3
Let v = 740 - 512. Let r = v - 128. What are the prime factors of r?
2, 5
Let o(l) = 10*l - 12. Let y be o(6). Suppose -y = -k + 7. List the prime factors of k.
5, 11
Let b(v) = -7*v + 12. Let q(x) = -8*x + 12. Let o(l) = -6*b(l) + 5*q(l). Let y be o(5). List the prime factors of (-182)/42*(y - 1).
13
Suppose 77 = 3*a - 10. List the prime factors of (-2*(1 + -3) - a)*-4.
2, 5
Let l be ((-6)/(-9))/(20/6 + -3). Suppose -4*p - 3*b + l*b + 279 = 0, 0 = 4*p - 3*b - 299. What are the prime factors of p?
71
Suppose 0 = c - 2*c. Suppose 0 = o + y - 13, 19 + 34 = 4*o + 5*y. Suppose c = f + 6 - o. List the prime factors of f.
2, 3
Let s(k) = k**3 + 2*k**2 - 4*k - 3. Suppose -4 + 6 = -r. Let c be s(r). Suppose -n = 3*z - 43 - 11, 0 = -c*n - 5*z + 250. List the prime factors of n.
2, 3
Let m be (-3 + (-7)/(-2))*6. Suppose 20 = -m*n - 4*u, n - 2*u = 4*n + 10. Suppose o - 3*o + 14 = n. What are the prime factors of o?
7
Suppose 14*z - 12*z + 5*o - 845 = 0, z + 2*o - 420 = 0. What are the prime factors of z?
2, 5, 41
Let a(g) be the second derivative of g**5/20 + 13*g**4/12 + 2*g**3 + 3*g**2/2 - 11*g. Let b be a(-12). Suppose -b*z - 3 = -162. List the prime factors of z.
53
Suppose -13*o - 8*o = 50610. What are the prime factors of 13/(-52) - o/8?
7, 43
Let j = 381 - -176. List the prime factors of j.
557
Let l(a) = -14 + 0*a - 5*a + 13*a - 33. What are the prime factors of l(21)?
11
Suppose -36*n + 39*n = -l + 5656, -2*l = 4*n - 7544. List the prime factors of n.
2, 3, 157
Suppose 47*y - 42*y = 8290. List the prime factors of y.
2, 829
Let q be -2 + 10/5 + 9. List the prime factors of 1 + -1 - (q + -304).
5, 59
Suppose 4*f + 2 = k, -10 = -9*k + 4*k - 5*f. Let l(v) = 22*v**2 - 6. What are the prime factors of l(k)?
2, 41
Let f = 18 - 9. List the prime factors of 3/f - 984/(-18).
5, 11
Suppose -2*f = 5*q - 897 - 5583, -4*f = 0. Suppose 10*s + 406 = q. List the prime factors of s.
89
Suppose -20268 = -26*i - 10*i. List the prime factors of i.
563
Let n = -35 + 38. Suppose g = -j - g, 4*g = -n*j + 6. List the prime factors of j.
2, 3
Suppose -2*b + i + 19 = 0, -2*b = -5*b - 5*i - 4. Suppose b*o - 288 = 3*o. List the prime factors of o.
2, 3
Suppose -5*w = -3*w - 20. Suppose 0*k - w = -2*k. Suppose -s + 4*r = 12, k*r + 9 - 33 = -s. List the prime factors of s.
2
Suppose 2*r = 4 + 12. Let z = r - 3. Suppose 2*t = t - 5*p - z, 5*t + 5*p - 55 = 0. What are the prime factors of t?
3, 5
Suppose -24*s + 6 = -22*s. Suppose -s*n - 5*x + 79 = -46, -4*x - 120 = -2*n. List the prime factors of n.
2, 5
Suppose -5*